6?
2
What is the units digit of 892?
2
What is the thousands digit of 2585?
2
What is the hundreds digit of 994?
9
What is the units digit of 5429?
9
What is the hundreds digit of 19625?
6
What is the thousands digit of 16432?
6
What is the tens digit of 50779?
7
What is the tens digit of 3821?
2
What is the units digit of 2276?
6
What is the thousands digit of 74602?
4
What is the tens digit of 16932?
3
What is the hundreds digit of 49936?
9
What is the tens digit of 1682?
8
What is the thousands digit of 22729?
2
What is the hundreds digit of 804?
8
What is the thousands digit of 33925?
3
What is the ten thousands digit of 47153?
4
What is the hundreds digit of 3571?
5
What is the units digit of 6817?
7
What is the tens digit of 886?
8
What is the hundreds digit of 602?
6
What is the hundreds digit of 8889?
8
What is the tens digit of 54511?
1
What is the hundreds digit of 20257?
2
What is the ten thousands digit of 23013?
2
What is the hundreds digit of 795?
7
What is the units digit of 9?
9
What is the hundreds digit of 1053?
0
What is the tens digit of 107689?
8
What is the units digit of 16469?
9
What is the ten thousands digit of 52204?
5
What is the ten thousands digit of 95200?
9
What is the hundreds digit of 766?
7
What is the ten thousands digit of 72664?
7
What is the tens digit of 3105?
0
What is the ten thousands digit of 53169?
5
What is the tens digit of 96?
9
What is the tens digit of 9633?
3
What is the hundreds digit of 703?
7
What is the thousands digit of 2046?
2
What is the units digit of 1769?
9
What is the units digit of 4384?
4
What is the thousands digit of 1626?
1
What is the ten thousands digit of 61748?
6
What is the tens digit of 12588?
8
What is the tens digit of 1314?
1
What is the ten thousands digit of 54216?
5
What is the thousands digit of 5678?
5
What is the units digit of 19944?
4
What is the thousands digit of 19434?
9
What is the tens digit of 178?
7
What is the tens digit of 4815?
1
What is the hundreds digit of 12624?
6
What is the units digit of 909?
9
What is the hundreds digit of 660?
6
What is the thousands digit of 15746?
5
What is the tens digit of 535?
3
What is the hundreds digit of 33308?
3
What is the hundred thousands digit of 114153?
1
What is the hundreds digit of 431?
4
What is the units digit of 1073?
3
What is the hundreds digit of 12383?
3
What is the thousands digit of 1988?
1
What is the thousands digit of 2481?
2
What is the thousands digit of 3285?
3
What is the ten thousands digit of 122703?
2
What is the ten thousands digit of 11890?
1
What is the units digit of 30889?
9
What is the hundreds digit of 5102?
1
What is the thousands digit of 11618?
1
What is the units digit of 235?
5
What is the hundreds digit of 861?
8
What is the hundreds digit of 719?
7
What is the thousands digit of 127577?
7
What is the tens digit of 302?
0
What is the units digit of 829?
9
What is the units digit of 2637?
7
What is the ten thousands digit of 151403?
5
What is the thousands digit of 183074?
3
What is the hundreds digit of 285?
2
What is the tens digit of 1149?
4
What is the tens digit of 64417?
1
What is the hundreds digit of 2401?
4
What is the tens digit of 60165?
6
What is the units digit of 10551?
1
What is the hundreds digit of 7421?
4
What is the tens digit of 668?
6
What is the units digit of 59853?
3
What is the hundreds digit of 43344?
3
What is the units digit of 906?
6
What is the tens digit of 1484?
8
What is the units digit of 146579?
9
What is the hundreds digit of 4664?
6
What is the tens digit of 87497?
9
What is the hundreds digit of 936?
9
What is the hundreds digit of 93047?
0
What is the hundreds digit of 353?
3
What is the hundreds digit of 64516?
5
What is the units digit of 21956?
6
What is the ten thousands digit of 21341?
2
What is the hundreds digit of 103482?
4
What is the hundred thousands digit of 113336?
1
What is the hundreds digit of 859?
8
What is the hundreds digit of 133?
1
What is the tens digit of 417?
1
What is the units digit of 34282?
2
What is the thousands digit of 4755?
4
What is the units digit of 6713?
3
What is the units digit of 71?
1
What is the units digit of 1965?
5
What is the units digit of 2878?
8
What is the hundreds digit of 26067?
0
What is the thousands digit of 19469?
9
What is the units digit of 2500?
0
What is the thousands digit of 2115?
2
What is the ten thousands digit of 20007?
2
What is the hundreds digit of 697?
6
What is the hundreds digit of 41280?
2
What is the hundreds digit of 418?
4
What is the hundreds digit of 1587?
5
What is the thousands digit of 7892?
7
What is the units digit of 17156?
6
What is the units digit of 465?
5
What is the thousands digit of 67190?
7
What is the tens digit of 19844?
4
What is the thousands digit of 2398?
2
What is the thousands digit of 6133?
6
What is the thousands digit of 2099?
2
What is the tens digit of 653?
5
What is the units digit of 814?
4
What is the hundreds digit of 5705?
7
What is the tens digit of 5332?
3
What is the units digit of 4179?
9
What is the thousands digit of 54073?
4
What is the hundreds digit of 513?
5
What is the ten thousands digit of 32545?
3
What is the thousands digit of 1096?
1
What is the hundreds digit of 1136?
1
What is the units digit of 2940?
0
What is the units digit of 335?
5
What is the hundreds digit of 20157?
1
What is the tens digit of 963?
6
What is the thousands digit of 6017?
6
What is the thousands digit of 1779?
1
What is the thousands digit of 8058?
8
What is the tens digit of 458?
5
What is the hundred thousands digit of 123863?
1
What is the hundreds digit of 8913?
9
What is the hundreds digit of 320?
3
What is the tens digit of 33645?
4
What is the thousands digit of 1877?
1
What is the tens digit of 548?
4
What is the units digit of 3216?
6
What is the units digit of 6649?
9
What is the hundreds digit of 294?
2
What is the units digit of 551?
1
What is the thousands digit of 1208?
1
What is the hundreds digit of 10027?
0
What is the hundreds digit of 76389?
3
What is the thousands digit of 73831?
3
What is the tens digit of 19551?
5
What is the tens digit of 7619?
1
What is the units digit of 813?
3
What is the hundreds digit of 946?
9
What is the units digit of 2233?
3
What is the hundreds digit of 5393?
3
What is the hundreds digit of 369?
3
What is the tens digit of 1287?
8
What is the tens digit of 2899?
9
What is the thousands digit of 21738?
1
What is the units digit of 56620?
0
What is the tens digit of 133424?
2
What is the units digit of 2143?
3
What is the units digit of 348?
8
What is the tens digit of 5664?
6
What is the thousands digit of 12198?
2
What is the hundreds digit of 2669?
6
What is the tens digit of 2425?
2
What is the hundreds digit of 503?
5
What is the tens digit of 302?
0
What is the tens digit of 356?
5
What is the thousands digit of 39590?
9
What is the thousands digit of 1588?
1
What is the tens digit of 54834?
3
What is the tens digit of 12751?
5
What is the units digit of 968?
8
What is the ten thousands digit of 59356?
5
What is the units digit of 88?
8
What is the units digit of 794?
4
What is the units digit of 86099?
9
What is the thousands digit of 5235?
5
What is the units digit of 46253?
3
What is the hundreds digit of 390?
3
What is the tens digit of 3278?
7
What is the thousands digit of 32348?
2
What is the hundreds digit of 569?
5
What is the hundreds digit of 1406?
4
What is the hundreds digit of 2984?
9
What is the tens digit of 3046?
4
What is the units digit of 49102?
2
What is the hundreds digit of 46039?
0
What is the units digit of 5758?
8
What is the hundreds digit of 347?
3
What is the thousands digit of 7415?
7
What is the thousands digit of 2462?
2
What is the tens digit of 18?
1
What is the units digit of 1868?
8
What is the units digit of 176942?
2
What is the units digit of 1163?
3
What is the tens digit of 37257?
5
What is the units digit of 5349?
9
What is the units digit of 17822?
2
What is the units digit of 25466?
6
What is the hundreds digit of 155?
1
What is the thousands digit of 8962?
8
What is the units digit of 38396?
6
What is the hundreds digit of 975?
9
What is the hundreds digit of 794?
7
What is the hundreds digit of 5985?
9
What is the units digit of 2698?
8
W